[INFO] cloning repository https://github.com/Milo-Shen/Rust-Thinking
[INFO] running `Command { std: "git" "-c" "credential.helper=" "-c" "credential.helper=/workspace/cargo-home/bin/git-credential-null" "clone" "--bare" "https://github.com/Milo-Shen/Rust-Thinking" "/workspace/cache/git-repos/https%3A%2F%2Fgithub.com%2FMilo-Shen%2FRust-Thinking", kill_on_drop: false }`
[INFO] [stderr] Cloning into bare repository '/workspace/cache/git-repos/https%3A%2F%2Fgithub.com%2FMilo-Shen%2FRust-Thinking'...
[INFO] running `Command { std: "git" "rev-parse" "HEAD", kill_on_drop: false }`
[INFO] [stdout] 5f36079cd7fdbc44090fbd97102e9220c2da1b2e
[INFO] checking Milo-Shen/Rust-Thinking against master#e6e4f7ed1589e03bc2f6c5931c1a72e7947e8682 for beta-170-4
[INFO] running `Command { std: "git" "clone" "/workspace/cache/git-repos/https%3A%2F%2Fgithub.com%2FMilo-Shen%2FRust-Thinking" "/workspace/builds/worker-3-tc2/source", kill_on_drop: false }`
[INFO] [stderr] Cloning into '/workspace/builds/worker-3-tc2/source'...
[INFO] [stderr] done.
[INFO] validating manifest of git repo https://github.com/Milo-Shen/Rust-Thinking on toolchain e6e4f7ed1589e03bc2f6c5931c1a72e7947e8682
[INFO] running `Command { std: CARGO_HOME="/workspace/cargo-home" RUSTUP_HOME="/workspace/rustup-home" "/workspace/cargo-home/bin/cargo" "+e6e4f7ed1589e03bc2f6c5931c1a72e7947e8682" "metadata" "--manifest-path" "Cargo.toml" "--no-deps", kill_on_drop: false }`
[INFO] started tweaking git repo https://github.com/Milo-Shen/Rust-Thinking
[INFO] finished tweaking git repo https://github.com/Milo-Shen/Rust-Thinking
[INFO] tweaked toml for git repo https://github.com/Milo-Shen/Rust-Thinking written to /workspace/builds/worker-3-tc2/source/Cargo.toml
[INFO] crate git repo https://github.com/Milo-Shen/Rust-Thinking already has a lockfile, it will not be regenerated
[INFO] running `Command { std: CARGO_HOME="/workspace/cargo-home" RUSTUP_HOME="/workspace/rustup-home" "/workspace/cargo-home/bin/cargo" "+e6e4f7ed1589e03bc2f6c5931c1a72e7947e8682" "fetch" "--manifest-path" "Cargo.toml", kill_on_drop: false }`
[INFO] running `Command { std: "docker" "create" "-v" "/var/lib/crater-agent-workspace/builds/worker-3-tc2/target:/opt/rustwide/target:rw,Z" "-v" "/var/lib/crater-agent-workspace/builds/worker-3-tc2/source:/opt/rustwide/workdir:ro,Z" "-v" "/var/lib/crater-agent-workspace/cargo-home:/opt/rustwide/cargo-home:ro,Z" "-v" "/var/lib/crater-agent-workspace/rustup-home:/opt/rustwide/rustup-home:ro,Z" "-e" "SOURCE_DIR=/opt/rustwide/workdir" "-e" "CARGO_TARGET_DIR=/opt/rustwide/target" "-e" "CARGO_HOME=/opt/rustwide/cargo-home" "-e" "RUSTUP_HOME=/opt/rustwide/rustup-home" "-w" "/opt/rustwide/workdir" "-m" "1610612736" "--user" "0:0" "--network" "none" "ghcr.io/rust-lang/crates-build-env/linux@sha256:19e73879b68f455e41552ea35293514db52ea292d993f571636dbffedb77a1ee" "/opt/rustwide/cargo-home/bin/cargo" "+e6e4f7ed1589e03bc2f6c5931c1a72e7947e8682" "metadata" "--no-deps" "--format-version=1", kill_on_drop: false }`
[INFO] [stdout] 63e6ab093303261cb9aa212134f97365963b2d8e4085df57bcbd1c90a7a3f8ab
[INFO] running `Command { std: "docker" "start" "-a" "63e6ab093303261cb9aa212134f97365963b2d8e4085df57bcbd1c90a7a3f8ab", kill_on_drop: false }`
[INFO] running `Command { std: "docker" "inspect" "63e6ab093303261cb9aa212134f97365963b2d8e4085df57bcbd1c90a7a3f8ab", kill_on_drop: false }`
[INFO] running `Command { std: "docker" "rm" "-f" "63e6ab093303261cb9aa212134f97365963b2d8e4085df57bcbd1c90a7a3f8ab", kill_on_drop: false }`
[INFO] [stdout] 63e6ab093303261cb9aa212134f97365963b2d8e4085df57bcbd1c90a7a3f8ab
[INFO] running `Command { std: "docker" "create" "-v" "/var/lib/crater-agent-workspace/builds/worker-3-tc2/target:/opt/rustwide/target:rw,Z" "-v" "/var/lib/crater-agent-workspace/builds/worker-3-tc2/source:/opt/rustwide/workdir:ro,Z" "-v" "/var/lib/crater-agent-workspace/cargo-home:/opt/rustwide/cargo-home:ro,Z" "-v" "/var/lib/crater-agent-workspace/rustup-home:/opt/rustwide/rustup-home:ro,Z" "-e" "SOURCE_DIR=/opt/rustwide/workdir" "-e" "CARGO_TARGET_DIR=/opt/rustwide/target" "-e" "CARGO_INCREMENTAL=0" "-e" "RUST_BACKTRACE=full" "-e" "RUSTFLAGS=--cap-lints=forbid" "-e" "RUSTDOCFLAGS=--cap-lints=forbid" "-e" "CARGO_HOME=/opt/rustwide/cargo-home" "-e" "RUSTUP_HOME=/opt/rustwide/rustup-home" "-w" "/opt/rustwide/workdir" "-m" "1610612736" "--user" "0:0" "--network" "none" "ghcr.io/rust-lang/crates-build-env/linux@sha256:19e73879b68f455e41552ea35293514db52ea292d993f571636dbffedb77a1ee" "/opt/rustwide/cargo-home/bin/cargo" "+e6e4f7ed1589e03bc2f6c5931c1a72e7947e8682" "check" "--frozen" "--all" "--all-targets" "--message-format=json", kill_on_drop: false }`
[INFO] [stdout] 20ce34de2f4fcbba2c9dd586f75effefb6e1a228f051b4c58c387db803f24e1a
[INFO] running `Command { std: "docker" "start" "-a" "20ce34de2f4fcbba2c9dd586f75effefb6e1a228f051b4c58c387db803f24e1a", kill_on_drop: false }`
[INFO] [stderr]    Compiling libc v0.2.126
[INFO] [stderr]     Checking once_cell v1.13.0
[INFO] [stderr]    Compiling ahash v0.7.6
[INFO] [stderr]     Checking getrandom v0.2.7
[INFO] [stderr]     Checking rust_thinking v1.0.0 (/opt/rustwide/workdir)
[INFO] [stdout] error[E0583]: file not found for module `eq_partialeq`
[INFO] [stdout]   --> src/main.rs:10:1
[INFO] [stdout]    |
[INFO] [stdout] 10 | mod eq_partialeq;
[INFO] [stdout]    | ^^^^^^^^^^^^^^^^^
[INFO] [stdout]    |
[INFO] [stdout]    = help: to create the module `eq_partialeq`, create file "src/eq_partialeq.rs" or "src/eq_partialeq/mod.rs"
[INFO] [stdout] 
[INFO] [stdout] 
[INFO] [stdout] error[E0583]: file not found for module `eq_partialeq`
[INFO] [stdout]   --> src/main.rs:10:1
[INFO] [stdout]    |
[INFO] [stdout] 10 | mod eq_partialeq;
[INFO] [stdout]    | ^^^^^^^^^^^^^^^^^
[INFO] [stdout]    |
[INFO] [stdout]    = help: to create the module `eq_partialeq`, create file "src/eq_partialeq.rs" or "src/eq_partialeq/mod.rs"
[INFO] [stdout] 
[INFO] [stdout] 
[INFO] [stdout] error[E0425]: cannot find function `eq_partialeq` in module `eq_partialeq`
[INFO] [stdout]    --> src/main.rs:184:19
[INFO] [stdout]     |
[INFO] [stdout] 184 |     eq_partialeq::eq_partialeq();
[INFO] [stdout]     |                   ^^^^^^^^^^^^ not found in `eq_partialeq`
[INFO] [stdout] 
[INFO] [stdout] 
[INFO] [stdout] error[E0425]: cannot find function `eq_partialeq` in module `eq_partialeq`
[INFO] [stdout]    --> src/main.rs:184:19
[INFO] [stdout]     |
[INFO] [stdout] 184 |     eq_partialeq::eq_partialeq();
[INFO] [stdout]     |                   ^^^^^^^^^^^^ not found in `eq_partialeq`
[INFO] [stdout] 
[INFO] [stdout] 
[INFO] [stdout] warning: unnecessary trailing semicolon
[INFO] [stdout]    --> src/deep_lifecycle.rs:108:6
[INFO] [stdout]     |
[INFO] [stdout] 108 |     };
[INFO] [stdout]     |      ^ help: remove this semicolon
[INFO] [stdout]     |
[INFO] [stdout]     = note: `#[warn(redundant_semicolons)]` on by default
[INFO] [stdout] 
[INFO] [stdout] 
[INFO] [stdout] warning: unnecessary trailing semicolon
[INFO] [stdout]    --> src/deep_lifecycle.rs:108:6
[INFO] [stdout]     |
[INFO] [stdout] 108 |     };
[INFO] [stdout]     |      ^ help: remove this semicolon
[INFO] [stdout]     |
[INFO] [stdout]     = note: `#[warn(redundant_semicolons)]` on by default
[INFO] [stdout] 
[INFO] [stdout] 
[INFO] [stdout] warning: type `ImportantExcerpt_1` should have an upper camel case name
[INFO] [stdout]   --> src/lifecycle.rs:54:12
[INFO] [stdout]    |
[INFO] [stdout] 54 |     struct ImportantExcerpt_1<'a> {
[INFO] [stdout]    |            ^^^^^^^^^^^^^^^^^^ help: convert the identifier to upper camel case: `ImportantExcerpt1`
[INFO] [stdout]    |
[INFO] [stdout]    = note: `#[warn(non_camel_case_types)]` on by default
[INFO] [stdout] 
[INFO] [stdout] 
[INFO] [stdout] warning: type `ImportantExcerpt_2` should have an upper camel case name
[INFO] [stdout]   --> src/lifecycle.rs:68:12
[INFO] [stdout]    |
[INFO] [stdout] 68 |     struct ImportantExcerpt_2<'a> {
[INFO] [stdout]    |            ^^^^^^^^^^^^^^^^^^ help: convert the identifier to upper camel case: `ImportantExcerpt2`
[INFO] [stdout] 
[INFO] [stdout] 
[INFO] [stdout] warning: type `ImportantExcerpt_1` should have an upper camel case name
[INFO] [stdout]   --> src/lifecycle.rs:54:12
[INFO] [stdout]    |
[INFO] [stdout] 54 |     struct ImportantExcerpt_1<'a> {
[INFO] [stdout]    |            ^^^^^^^^^^^^^^^^^^ help: convert the identifier to upper camel case: `ImportantExcerpt1`
[INFO] [stdout]    |
[INFO] [stdout]    = note: `#[warn(non_camel_case_types)]` on by default
[INFO] [stdout] 
[INFO] [stdout] 
[INFO] [stdout] warning: type `ImportantExcerpt_3` should have an upper camel case name
[INFO] [stdout]   --> src/lifecycle.rs:72:12
[INFO] [stdout]    |
[INFO] [stdout] 72 |     struct ImportantExcerpt_3<'a> {
[INFO] [stdout]    |            ^^^^^^^^^^^^^^^^^^ help: convert the identifier to upper camel case: `ImportantExcerpt3`
[INFO] [stdout] 
[INFO] [stdout] 
[INFO] [stdout] warning: type `ImportantExcerpt_2` should have an upper camel case name
[INFO] [stdout]   --> src/lifecycle.rs:68:12
[INFO] [stdout]    |
[INFO] [stdout] 68 |     struct ImportantExcerpt_2<'a> {
[INFO] [stdout]    |            ^^^^^^^^^^^^^^^^^^ help: convert the identifier to upper camel case: `ImportantExcerpt2`
[INFO] [stdout] 
[INFO] [stdout] 
[INFO] [stdout] warning: type `ImportantExcerpt_3` should have an upper camel case name
[INFO] [stdout]   --> src/lifecycle.rs:72:12
[INFO] [stdout]    |
[INFO] [stdout] 72 |     struct ImportantExcerpt_3<'a> {
[INFO] [stdout]    |            ^^^^^^^^^^^^^^^^^^ help: convert the identifier to upper camel case: `ImportantExcerpt3`
[INFO] [stdout] 
[INFO] [stdout] 
[INFO] [stdout] error: aborting due to 2 previous errors; 4 warnings emitted
[INFO] [stdout] 
[INFO] [stdout] 
[INFO] [stdout] Some errors have detailed explanations: E0425, E0583.
[INFO] [stdout] 
[INFO] [stdout] For more information about an error, try `rustc --explain E0425`.
[INFO] [stdout] 
[INFO] [stdout] error: aborting due to 2 previous errors; 4 warnings emitted
[INFO] [stdout] 
[INFO] [stdout] 
[INFO] [stdout] Some errors have detailed explanations: E0425, E0583.
[INFO] [stdout] 
[INFO] [stdout] For more information about an error, try `rustc --explain E0425`.
[INFO] [stdout] 
[INFO] [stderr] error: could not compile `rust_thinking` (bin "rust_thinking" test) due to 3 previous errors; 4 warnings emitted
[INFO] [stderr] warning: build failed, waiting for other jobs to finish...
[INFO] [stderr] error: could not compile `rust_thinking` (bin "rust_thinking") due to 3 previous errors; 4 warnings emitted
[INFO] running `Command { std: "docker" "inspect" "20ce34de2f4fcbba2c9dd586f75effefb6e1a228f051b4c58c387db803f24e1a", kill_on_drop: false }`
[INFO] running `Command { std: "docker" "rm" "-f" "20ce34de2f4fcbba2c9dd586f75effefb6e1a228f051b4c58c387db803f24e1a", kill_on_drop: false }`
[INFO] [stdout] 20ce34de2f4fcbba2c9dd586f75effefb6e1a228f051b4c58c387db803f24e1a
